{"id":17,"date":"2015-12-14T10:53:41","date_gmt":"2015-12-14T10:53:41","guid":{"rendered":"http:\/\/mzzprc.pl\/?page_id=17"},"modified":"2026-03-31T17:28:18","modified_gmt":"2026-03-31T17:28:18","slug":"zarzad-zwiazku","status":"publish","type":"page","link":"http:\/\/mzzprc.pl\/?page_id=17","title":{"rendered":"Zarz\u0105d Zwi\u0105zku"},"content":{"rendered":"<p>Zarz\u0105d Zwi\u0105zku tworz\u0105 Przewodnicz\u0105cy K\u00f3\u0142 Wydzia\u0142owych wybrani przez Cz\u0142onk\u00f3w Ko\u0142a na czteroletni\u0105 kadencj\u0119 oraz Cz\u0142onkowie Prezydium:<\/p>\n<table width=\"1117\">\n<tbody>\n<tr>\n<td colspan=\"6\" width=\"1117\"><b>Zarz\u0105d\u00a0 MZZPRC w Grupie ORLEN <\/b><\/td>\n<\/tr>\n<tr>\n<td colspan=\"6\" width=\"1117\"><b>Kadencja 2026 &#8211; 2030<\/b><\/td>\n<\/tr>\n<tr>\n<td width=\"45\"><b>Lp.<\/b><\/td>\n<td width=\"319\"><b>Nazwisko i imi\u0119<\/b><\/td>\n<td width=\"151\"><b>Wydzia\u0142<\/b><\/td>\n<td width=\"51\"><b>Lp.<\/b><\/td>\n<td width=\"397\"><b>Nazwisko i imi\u0119<\/b><\/td>\n<td width=\"153\"><b>Wydzia\u0142<\/b><\/td>\n<\/tr>\n<tr>\n<td width=\"45\"><b>1<\/b><\/td>\n<td width=\"319\"><b>Bielicki \u0141ukasz<\/b><\/td>\n<td width=\"151\"><b>SSD<\/b><\/td>\n<td width=\"51\"><b>25<\/b><\/td>\n<td width=\"397\"><b>Rosiek<\/b><b> Krzysztof<\/b><\/td>\n<td width=\"153\"><b>Telekomunikacja<\/b><\/td>\n<\/tr>\n<tr>\n<td width=\"45\"><b>2<\/b><\/td>\n<td width=\"319\"><b>B\u0119dzikowski<\/b><b> Tomasz<\/b><\/td>\n<td width=\"151\"><b>PR 4\/1<\/b><\/td>\n<td width=\"51\"><b>26<\/b><\/td>\n<td width=\"397\"><b>Siwi\u0144ski Cezary<\/b><\/td>\n<td width=\"153\"><b>PR 4\/2<\/b><\/td>\n<\/tr>\n<tr>\n<td width=\"45\"><b>3<\/b><\/td>\n<td width=\"319\"><b>Cnotkowski<\/b><b> Filip<\/b><\/td>\n<td width=\"151\"><b>PP 13<\/b><\/td>\n<td width=\"51\"><b>27<\/b><\/td>\n<td width=\"397\"><b>Skowron Pawe\u0142<\/b><\/td>\n<td width=\"153\"><b>SSB<\/b><\/td>\n<\/tr>\n<tr>\n<td width=\"45\"><b>4<\/b><\/td>\n<td width=\"319\"><b>Czaplicki Rafa\u0142<\/b><\/td>\n<td width=\"151\"><b>EUROPA\/GCB<\/b><\/td>\n<td width=\"51\"><b>28<\/b><\/td>\n<td width=\"397\"><b>S\u0142oniewicz Przemys\u0142aw<\/b><\/td>\n<td width=\"153\"><b>PR 9\/1<\/b><\/td>\n<\/tr>\n<tr>\n<td width=\"45\"><b>5<\/b><\/td>\n<td width=\"319\"><b>Czy\u017cewski Artur<\/b><\/td>\n<td width=\"151\"><b>SSC<\/b><\/td>\n<td width=\"51\"><b>29<\/b><\/td>\n<td width=\"397\"><b>S\u0142upecki Kamil<\/b><\/td>\n<td width=\"153\"><b>PP 12 Olef. II R.<\/b><\/td>\n<\/tr>\n<tr>\n<td width=\"45\"><b>6<\/b><\/td>\n<td width=\"319\"><b>Drozdowski Pawe\u0142<\/b><\/td>\n<td width=\"151\"><b>PR 3<\/b><\/td>\n<td width=\"51\"><b>30<\/b><\/td>\n<td width=\"397\"><b>Szczepaniak Mateusz<\/b><\/td>\n<td width=\"153\"><b>PR 10 G.<\/b><\/td>\n<\/tr>\n<tr>\n<td width=\"45\"><b>7<\/b><\/td>\n<td width=\"319\"><b>Dudzi\u0144ski Damian<\/b><\/td>\n<td width=\"151\"><b>PP 14 TL. E.<\/b><\/td>\n<td width=\"51\"><b>31<\/b><\/td>\n<td width=\"397\"><b>\u015anie\u017cy\u0144ski Janusz<\/b><\/td>\n<td width=\"153\"><b>BPR<\/b><\/td>\n<\/tr>\n<tr>\n<td width=\"45\"><b>8<\/b><\/td>\n<td width=\"319\"><b>Dymczyk Dawid<\/b><\/td>\n<td width=\"151\"><b>PP 11 A.<\/b><\/td>\n<td width=\"51\"><b>32<\/b><\/td>\n<td width=\"397\"><b>Torbicki Dariusz<\/b><\/td>\n<td width=\"153\"><b>PR 6\/1 Alkilacja<\/b><\/td>\n<\/tr>\n<tr>\n<td width=\"45\"><b>9<\/b><\/td>\n<td width=\"319\"><b>Dymek Jaros\u0142aw<\/b><\/td>\n<td width=\"151\"><b>Dyspozytorzy<\/b><\/td>\n<td width=\"51\"><b>33<\/b><\/td>\n<td width=\"397\"><b>Walczak Konrad<\/b><\/td>\n<td width=\"153\"><b>PP 14 M.<\/b><\/td>\n<\/tr>\n<tr>\n<td width=\"45\"><b>10<\/b><\/td>\n<td width=\"319\"><b>Dziarnowski Maciej<\/b><\/td>\n<td width=\"151\"><b>PR 5 OW<\/b><\/td>\n<td width=\"51\"><b>34<\/b><\/td>\n<td width=\"397\"><b>Wasi\u0144ski Piotr<\/b><\/td>\n<td width=\"153\"><b>PR 6\/2<\/b><\/td>\n<\/tr>\n<tr>\n<td width=\"45\"><b>11<\/b><\/td>\n<td width=\"319\"><b>G\u0105siorowski Krzysztof<\/b><\/td>\n<td width=\"151\"><b>PR 10H<\/b><\/td>\n<td width=\"51\"><b>35<\/b><\/td>\n<td width=\"397\"><b>Wieczorek Kamil<\/b><\/td>\n<td width=\"153\"><b>PP 12 GH1<\/b><\/td>\n<\/tr>\n<tr>\n<td width=\"45\"><b>12<\/b><\/td>\n<td width=\"319\"><b>Jankowski Wojciech<\/b><\/td>\n<td width=\"151\"><b>WDD<\/b><\/td>\n<td width=\"51\"><b>36<\/b><\/td>\n<td width=\"397\"><b>Wi\u015bniewski Tomasz<\/b><\/td>\n<td width=\"153\"><b>PP 12 Olef.II P.<\/b><\/td>\n<\/tr>\n<tr>\n<td width=\"45\"><b>13<\/b><\/td>\n<td width=\"319\"><b>J\u0119drzejczak Adrian<\/b><\/td>\n<td width=\"151\"><b>PR 10\/2 VBU<\/b><\/td>\n<td width=\"51\"><b>37<\/b><\/td>\n<td width=\"397\"><b>Witkowski Remigiusz<\/b><\/td>\n<td width=\"153\"><b>PAP<\/b><\/td>\n<\/tr>\n<tr>\n<td width=\"45\"><b>14<\/b><\/td>\n<td width=\"319\"><b>Kapu\u015bci\u0144ski S\u0142awomir<\/b><\/td>\n<td width=\"151\"><b>BK 01<\/b><\/td>\n<td width=\"51\"><b>38<\/b><\/td>\n<td width=\"397\"><b>W\u0142adysiak<\/b><b> Zbigniew<\/b><\/td>\n<td width=\"153\"><b>EUW 1<\/b><\/td>\n<\/tr>\n<tr>\n<td width=\"45\"><b>15<\/b><\/td>\n<td width=\"319\"><b>Kolczy\u0144ski Wac\u0142aw<\/b><\/td>\n<td width=\"151\"><b>PP 11 Parax.<\/b><\/td>\n<td width=\"51\"><b>39<\/b><\/td>\n<td width=\"397\"><b>Zawadzki Kamil<\/b><\/td>\n<td width=\"153\"><b>PR 5 WTiA<\/b><\/td>\n<\/tr>\n<tr>\n<td width=\"45\"><b>16<\/b><\/td>\n<td width=\"319\"><b>Kowalczyk Adam<\/b><\/td>\n<td width=\"151\"><b>PR 9\/2<\/b><\/td>\n<td width=\"51\"><b>40<\/b><\/td>\n<td width=\"397\"><b>Flak Jaros\u0142aw<\/b><\/td>\n<td width=\"153\"><b>ORLEN Kolej<\/b><\/td>\n<\/tr>\n<tr>\n<td width=\"45\"><b>17<\/b><\/td>\n<td width=\"319\"><b>Le\u015bniewski Leszek<\/b><\/td>\n<td width=\"151\"><b>WEK<\/b><\/td>\n<td width=\"51\"><b>41<\/b><\/td>\n<td width=\"397\"><b>Lewandowski Marcin<\/b><\/td>\n<td width=\"153\"><b>AVIATION<\/b><\/td>\n<\/tr>\n<tr>\n<td width=\"45\"><b>18<\/b><\/td>\n<td width=\"319\"><b>Lutowski Dariusz<\/b><\/td>\n<td width=\"151\"><b>PR 6\/1 KK<\/b><\/td>\n<td width=\"51\"><b>42<\/b><\/td>\n<td width=\"397\"><b>Pi\u0119ko\u015b Rafa\u0142<\/b><\/td>\n<td width=\"153\"><b>OCS<\/b><\/td>\n<\/tr>\n<tr>\n<td width=\"45\"><b>19<\/b><\/td>\n<td width=\"319\"><b>Majak Jakub<\/b><\/td>\n<td width=\"151\"><b>PR 5 IGS<\/b><\/td>\n<td width=\"51\"><b>43<\/b><\/td>\n<td width=\"397\"><b>Pyrzyna<\/b><b> Eliza<\/b><\/td>\n<td width=\"153\"><b>Projekt<\/b><\/td>\n<\/tr>\n<tr>\n<td width=\"45\"><b>20<\/b><\/td>\n<td width=\"319\"><b>Ma\u0144ko Adam<\/b><\/td>\n<td width=\"151\"><b>CCGT P\u0142ock<\/b><\/td>\n<td width=\"51\"><b>44<\/b><\/td>\n<td width=\"397\"><b>Urba\u0144ski Piotr<\/b><\/td>\n<td width=\"153\"><b>BOP<\/b><\/td>\n<\/tr>\n<tr>\n<td width=\"45\"><b>21<\/b><\/td>\n<td width=\"319\"><b>Przemy\u0142ski Andrzej<\/b><\/td>\n<td width=\"151\"><b>PP 14 Fenol<\/b><\/td>\n<td width=\"51\"><b>45<\/b><\/td>\n<td width=\"397\"><b>Witkowska Arleta<\/b><\/td>\n<td width=\"153\"><b>Laboratorium<\/b><\/td>\n<\/tr>\n<tr>\n<td width=\"45\"><b>22<\/b><\/td>\n<td width=\"319\"><b>Przyczka \u0141ukasz<\/b><\/td>\n<td width=\"151\"><b>PR 5 Claus<\/b><\/td>\n<td width=\"51\"><b>46<\/b><\/td>\n<td width=\"397\"><b>Wojtas Jerzy<\/b><\/td>\n<td width=\"153\"><b>Ochrona<\/b><\/td>\n<\/tr>\n<tr>\n<td width=\"45\"><b>23<\/b><\/td>\n<td width=\"319\"><b>Reszczy\u0144ski Jakub<\/b><\/td>\n<td width=\"151\"><b>WEG<\/b><\/td>\n<td width=\"51\"><b>47<\/b><\/td>\n<td width=\"397\"><b>Olejniczak Marek<\/b><\/td>\n<td width=\"153\"><b>EMERYCI<\/b><\/td>\n<\/tr>\n<tr>\n<td width=\"45\"><b>24<\/b><\/td>\n<td width=\"319\"><b>Rosiak Waldemar<\/b><\/td>\n<td width=\"151\"><b>WEM<\/b><\/td>\n<td width=\"51\"><b>48<\/b><\/td>\n<td width=\"397\"><\/td>\n<td width=\"153\"><\/td>\n<\/tr>\n<\/tbody>\n<\/table>\n","protected":false},"excerpt":{"rendered":"<p>Zarz\u0105d Zwi\u0105zku tworz\u0105 Przewodnicz\u0105cy K\u00f3\u0142 Wydzia\u0142owych wybrani przez Cz\u0142onk\u00f3w Ko\u0142a na czteroletni\u0105 kadencj\u0119 oraz Cz\u0142onkowie Prezydium: Zarz\u0105d\u00a0 MZZPRC w Grupie ORLEN Kadencja 2026 &#8211; 2030 Lp. Nazwisko i imi\u0119 Wydzia\u0142 Lp. Nazwisko i imi\u0119 Wydzia\u0142 1 Bielicki \u0141ukasz SSD 25 Rosiek Krzysztof Telekomunikacja 2 B\u0119dzikowski Tomasz PR 4\/1 26 Siwi\u0144ski Cezary PR 4\/2 3 Cnotkowski Filip PP 13 27 Skowron Pawe\u0142 SSB 4 Czaplicki Rafa\u0142 EUROPA\/GCB 28 S\u0142oniewicz Przemys\u0142aw PR 9\/1 5 Czy\u017cewski Artur SSC 29 S\u0142upecki Kamil PP 12 Olef. II R. 6 Drozdowski Pawe\u0142 PR 3 30 Szczepaniak Mateusz PR 10 G. 7 Dudzi\u0144ski Damian PP 14 TL. E. 31 \u015anie\u017cy\u0144ski Janusz BPR 8 Dymczyk Dawid PP 11 &hellip; <a href=\"http:\/\/mzzprc.pl\/?page_id=17\">Czytaj dalej <span class=\"meta-nav\">&rarr;<\/span><\/a><\/p>\n","protected":false},"author":1,"featured_media":0,"parent":9,"menu_order":0,"comment_status":"closed","ping_status":"closed","template":"","meta":{"footnotes":""},"class_list":["post-17","page","type-page","status-publish","hentry"],"_links":{"self":[{"href":"http:\/\/mzzprc.pl\/index.php?rest_route=\/wp\/v2\/pages\/17","targetHints":{"allow":["GET"]}}],"collection":[{"href":"http:\/\/mzzprc.pl\/index.php?rest_route=\/wp\/v2\/pages"}],"about":[{"href":"http:\/\/mzzprc.pl\/index.php?rest_route=\/wp\/v2\/types\/page"}],"author":[{"embeddable":true,"href":"http:\/\/mzzprc.pl\/index.php?rest_route=\/wp\/v2\/users\/1"}],"replies":[{"embeddable":true,"href":"http:\/\/mzzprc.pl\/index.php?rest_route=%2Fwp%2Fv2%2Fcomments&post=17"}],"version-history":[{"count":12,"href":"http:\/\/mzzprc.pl\/index.php?rest_route=\/wp\/v2\/pages\/17\/revisions"}],"predecessor-version":[{"id":1322,"href":"http:\/\/mzzprc.pl\/index.php?rest_route=\/wp\/v2\/pages\/17\/revisions\/1322"}],"up":[{"embeddable":true,"href":"http:\/\/mzzprc.pl\/index.php?rest_route=\/wp\/v2\/pages\/9"}],"wp:attachment":[{"href":"http:\/\/mzzprc.pl\/index.php?rest_route=%2Fwp%2Fv2%2Fmedia&parent=17"}],"curies":[{"name":"wp","href":"https:\/\/api.w.org\/{rel}","templated":true}]}}